
False
Suppose 13*p - 11*p = 18. Let o = p + 28. Is o a composite number?
False
Let k = -4 - -6. Let p(g) = 37*g**2 - g + 3. Is p(k) prime?
True
Suppose 3*n - o - 288 = 0, -n + 3*o + o = -85. Is n a composite number?
False
Let g = 1 + 1. Let j = g - 2. Suppose -4*k - 2*d + 320 = -j*k, 4*d - 166 = -2*k. Is k composite?
False
Let q(n) = 2*n + 1211. Is q(0) a composite number?
True
Let v(s) = -2*s. Let m be v(0). Suppose m = 6*w - 433 - 101. Is w prime?
True
Let s = 482 + 767. Is s composite?
False
Suppose 3*q + 196 = 754. Let z = -80 + q. Suppose -4*n + 3*j = -253 + z, 0 = -3*n + 3*j + 108. Is n prime?
False
Let v(k) = k**2 - k + 168. Let s be v(0). Let m = 13 + 36. Let q = s - m. Is q composite?
True
Suppose 0 = 4*i + 3*z + 16, i = -3*z + 4*z - 11. Let w(u) be the first derivative of -u**3/3 - 4*u**2 - 4*u - 2. Is w(i) prime?
True
Let v = -5 - -9. Let i be 23*3 + -4 + v. Is (1*i)/(6/4) a composite number?
True
Suppose 3*n + 2*b - 12 = b, 5*b + 25 = 2*n. Suppose g = -4*g - 2*m - 119, n*m - 13 = g. Is g/(-2 + 2 + -1) prime?
True
Is (-3 + 3 + 0 - -4729) + 0 composite?
False
Suppose -n = n - 8. Suppose 16 = x - n. Suppose x = -4*g - g, 4*g - 369 = -5*s. Is s composite?
True
Let y be 6*1*2/(-3). Is (7/y)/((-1)/44) a composite number?
True
Let y(q) = 29*q + 11. Is y(7) prime?
False
Suppose 2*a = 25 - 11. Is a a prime number?
True
Let w = -4 - -7. Suppose -w*p + 2*p + 4*o + 22 = 0, 66 = 3*p - 2*o. Is p composite?
True
Let c = 62 + -103. Let h = -14 + c. Is 871/11 - (-10)/h composite?
False
Let b(k) = k**3 + k**2 + 2*k - 1. Let u(s) = s**3 + 13*s**2 + 6. Let y be u(-13). Is b(y) composite?
False
Let h(f) = -f - 3. Let g be h(-6). Suppose 5*w = 0, 5*q - g*w + 10 = -0*w. Is 13 + (4/1)/q a composite number?
False
Suppose 0 = n - 0*n. Suppose n = -2*t - 0*s - s - 2, 0 = t + 5*s + 10. Suppose -5*c - u + 181 = 0, -3*c + t*u + 91 = 5*u. Is c a composite number?
False
Let a = 415 - 148. Suppose 2*w = -w + a. Is w prime?
True
Is ((-4755)/(-6))/(2/4) a composite number?
True
Suppose -4*i + 78 = -2*m + 4*m, 5*m = -5*i + 100. Is i a prime number?
True
Suppose -3*o = -o + 18. Let s = -6 - o. Is s a composite number?
False
Let f(a) = 28*a**2 + 5. Is f(3) prime?
True
Let o be -1 + (9 - 3) + -3. Suppose b + 0*l = -o*l + 174, -2*b = l - 333. Suppose -z = u - 58, 3*z - b = -2*u + u. Is z prime?
True
Let t(o) = 190*o + 1. Is t(6) composite?
True
Suppose -5*s - 7 = -2*x, -3*x - s = -0*x - 19. Let h(c) = c**2 - 4*c + 3. Is h(x) composite?
True
Let b(a) = a**3 - 2*a**2 - 3*a + 2. Let n be b(3). Let q(g) = 15*g**3 - 3*g + 3. Let i be q(n). Suppose -3*t + i = -498. Is t a prime number?
False
Suppose 5*f - 1218 = -4*p, -4*f - 929 = -7*p + 4*p. Is p a prime number?
True
Suppose -2*r + 3*r - 34 = 0. Is r prime?
False
Suppose -129 = -5*g + 4*c + 139, -94 = -2*g - 5*c. Suppose 5*o - 1063 = g. Is o prime?
True
Let h = -17 - -32. Is 216/15 - 6/h a prime number?
False
Let c(m) = 41*m + 4. Is c(3) composite?
False
Suppose 6*w - 4*w + 6 = 0. Let u = 5 + w. Is (-9)/u*30/(-9) a prime number?
False
Let f be 0 - -1 - (0 - 10). Let y(i) = i**2 - 4*i + 6. Is y(f) prime?
True
Let c = -16 - -7. Is 68*(2 - c/(-6)) prime?
False
Suppose 0 = -2*j + 4*j - 24. Is 285/j - 6/8 composite?
False
Let l = 6 - 7. Is 288/15 + l/5 a prime number?
True
Suppose -93 = 2*h - 563. Is h a composite number?
True
Let a(j) = -j**3 - 8*j**2 - 7*j + 7. Let l be a(-11). Suppose 3*k + 3*g = -g + l, 5*g + 130 = k. Is k a prime number?
False
Let l be (-1 - (-8 + 2))*14. Suppose 5*d = 5*n + 225, 0*n = -3*d - 3*n + 147. Let j = l - d. Is j prime?
True
Let a(l) = 198*l + 25. Is a(9) a prime number?
False
Let c = -30 + 46. Suppose c = 4*x - 0*x. Suppose -88 = -4*g - x*m, m + 4 = g - 12. Is g composite?
False
Let t be (-1)/(1/(-630)) - -1. Suppose 4*x + y = 625, 2*y - y + t = 4*x. Is x a prime number?
True
Suppose 5 = -3*v + 20. Suppose -f = v*h - 26, 0*f + 4*f - 4*h - 128 = 0. Is f prime?
True
Suppose 2*s + 11 = -3*w, 0 = 3*w + 1 + 8. Let f be 3 + -5 - 21/s. Let o = 54 - f. Is o a composite number?
True
Is (-770)/20*(-4 + 2 + 0) a prime number?
False
Suppose 0 = -2*g + 263 + 267. Is g composite?
True
Let s = 25 - 18. Let o = s - 4. Suppose -3*i - i = -o*l + 101, -5*i + 5 = 0. Is l prime?
False
Suppose p - 9 = 11. Suppose -164 = o - p. Let r = o - -275. Is r prime?
True
Let b = -6 + 2. Is 1/b - 116/(-16) a prime number?
True
Let l(p) = -p + 7. Let k be l(8). Suppose 3 - 13 = 2*z. Is (3 - z) + -1 + k composite?
True
Let v(k) = 2*k - 4. Let s be v(6). Let x = s - 5. Is x composite?
False
Suppose 4*z - 10996 = -1896. Is z/9 - (-2)/9 prime?
False
Suppose -4*p + 2*k + 246 = 0, -5*p - k + 152 = -138. Is p a prime number?
True
Let o(y) = -y**2 + y + 191. Let s = -5 - -7. Suppose -2*u - 3*t = 0, 2*t = u - s*t. Is o(u) prime?
True
Let h = 34 + 45. Is h a composite number?
False
Let c(t) = 32 - 18 - t + 51 + 2. Is c(0) prime?
True
Let y be (1*2)/(6/1245). Suppose -h - 3*q = -94, -8*q + 4*q + y = 5*h. Let v = 158 - h. Is v a prime number?
True
Suppose -2*j - 59 = -311. Let a = 289 + j. Is a a prime number?
False
Let r(z) = 13*z - 3. Let h be r(2). Suppose 0*u - h = -u - 5*m, 3*u + 4*m = 14. Is u/12*-3*290 composite?
True
Let p = 7 - 10. Is 77 + p - (2 - 2) prime?
False
Let u = -176 + 262. Is u/4 - 2/4 prime?
False
Let f(j) be the first derivative of j**3/3 - 5*j**2/2 + j + 1. Is f(-6) prime?
True
Let l be (-3)/((-3)/3) - -1. Let t be ((-102)/4)/(3/(-18)). Suppose -t = h - l*h. Is h composite?
True
Let r(t) = -t**3 + 25*t**2 - 27*t - 46. Is r(21) a prime number?
True
Let u = 8 + -8. Suppose 0 = 4*q + q - 4*l - 323, -5*q - 5*l + 350 = u. Is q a prime number?
True
Let u(o) = -12*o**3 - 12*o**2 + 7. Let x(t) = -11*t**3 - 11*t**2 + 6. Let l(h) = 5*u(h) - 6*x(h). Is l(4) composite?
False
Let u(j) = -63*j + 1. Is u(-2) a prime number?
True
Suppose -5*l = -5*s - 2*l + 975, -4*l = 4*s - 780. Suppose 5*m + s - 640 = 0. Is m a composite number?
False
Let h(n) = -6*n**3 + 6*n**2 + 6*n - 19. Is h(-8) composite?
False
Is (-3 - 4)/(2/(1*-2)) a composite number?
False
Let k(x) = 9*x**2 + 9*x + 5. Is k(9) a composite number?
True
Suppose 4 = -5*j + 14. Let i = 3 + j. Is 0/2 - -5*i a composite number?
True
Suppose 5*n - 14 = 4*j, 5*j - 2*j - 3 = -3*n. Suppose -n*r + 643 + 239 = 0. Suppose 5*t - 24 = r. Is t a composite number?
True
Suppose 0*j + 5*s = -3*j + 303, 5*s = -4*j + 399. Suppose -3*w - 5 = 2*w. Is -1 + 1 + j + w composite?
True
Suppose 2*x + 1 = 5. Is 16 + -1*(-1 + x) a composite number?
True
Let w = 6 - 4. Suppose -w*y + 105 = 3*o + 2*o, -3*y - o = -190. Is y composite?
True
Suppose 2*s = 4*p - 22, 7 = s + 2*p - 2. Is 1402*(s - 6/(-4)) composite?
False
Suppose -b - 8 + 0 = f, 5*f = b - 22. Let k(w) = -6*w**2 - 3*w - 4. Let p(c) = 4*c**2 + 2*c + 3. Let z(t) = -5*k(t) - 7*p(t). Is z(b) a prime number?
False
Let x(y) = 2*y**3 + y**2 + y - 1. Let o be (2/4)/((-2)/(-4)). Let q be x(o). Is (q/2)/(2/4) prime?
True
Suppose 2*x = -0*x - 4. Let f(d) = -4*d**2 - 6*d - 4. Let g(o) = 3*o**2 + 7*o + 5. Let j(n) = x*f(n) - 3*g(n). Is j(-6) a composite number?
False
Let t be (-449)/(-3) + 8/(-12). Let l = 232 - t. Is l a prime number?
True
Let s(p) = p + 7. Is s(8) a prime number?
False
Let g(x) = 2*x - 13. Let y be g(9). Suppose -5*z + y*j = -z + 61, z + 24 = 3*j. Is 86/(-3)*z/6 prime?
True
Suppose -2*l + 18 = l. Let b be (0 + -3)/l*-10. Suppose p = b*p - 24. Is p a prime number?
False
Let s(r) = r**2 - 12*r - 10. Is s(15) a prime number?
False
Suppose g - 476 - 867 = 0. Is g a composite number?
True
Suppose u = 4 - 1. Suppose r = -u*l + 16 + 189, -5*r - 5*l + 1015 = 0. Is r a prime number?
False
Suppose m = -m + 1574. Is m composite?
False
Let i(q) = 2*q + 4. Let c be i(-3). Is c*(-3)/(24/860) prime?
False
Suppose 33*u - 36*u = -20589. Is u composite?
False
Let n = -4 + 4. Suppose -4*p - v - 6 = -27, 2*p - 4*v - 24 = n. Is p prime?
False
Let z(s) = -s**2 - s - 1. Let v be z(4). Is 6/v + 5403/21 a prime number?
True
Suppose -2*s = t - 659, -3*s - 3*t + 5*t = -999. Is s a composite number?
False
Let b(d) = d - 13. Let w be b(9). Is 1 + w + 332 + 2 a prime number?
True
Suppose 10*q - 9*q + 6 = 0. Is q/(-27) + (-4017)/(-27) a prime number?
True
Let b be 1373/3 + (-2)/(-6). Suppose -2*l = -4*f - b, 2*l - 4*l = 5*f - 431. Is l composite?
False
Let s(l) be the 